n + 570 = 2*l + p*n. What is the greatest common factor of 20 and l?
10
Let w = 32741 + -32718. What is the highest common divisor of w and 22655?
23
Suppose 704*k - 34922 = -732*k + 517*k. Let x be 0 - ((-267 - -1) + 0). Calculate the greatest common divisor of k and x.
38
Let a be (49/6)/((-146)/(-876)). What is the highest common factor of 1834 and a?
7
Let v(s) = -68*s - 1568. Let g be v(-31). What is the greatest common divisor of g and 666?
18
Suppose -3*c + 28 = -74. Suppose 42 = 4*o - c. What is the highest common divisor of o and 247?
19
Let r(v) = -v**2 + 56*v - 505. Let u be r(43). What is the greatest common divisor of 23976 and u?
54
Let p(c) = c**2 - 6*c + 5. Suppose 28 = 5*b - 2. Let w be p(b). Suppose -2*r + 242 = 2*n, w*r - 9 = 2*n - 286. Calculate the greatest common factor of 18 and n.
18
Suppose 5*p = -5*n + 965, 4*n - 2*p = 324 + 478. What is the highest common factor of 90 and n?
18
Let n(j) = -5 - 9*j + 29*j + 0 - 11. Let i be n(6). Let c = 36 + -10. What is the greatest common divisor of c and i?
26
Let l(m) = -182*m**3 + 377*m**2 + m + 4. Let q be l(2). Let j = 142 - -195. Suppose -4*r = -127 - j. Calculate the greatest common factor of r and q.
58
Let k(c) = -11*c**3 - c**2 - 2. Let n be k(-2). Let m = 306 - n. Let j be 3 + m + (-3 - 0). Calculate the greatest common factor of j and 32.
32
Suppose 0 = -n - 4, -4*k + 0*n + 32 = n. Let y(b) = 2*b - 6. Let j be y(k). Suppose j*p - 209 = 259. Calculate the greatest common divisor of p and 13.
13
Let y be (-4 + 2)/(((-36)/412)/9*2). Calculate the highest common divisor of 2987 and y.
103
Suppose 73*d - 13695 - 9369 = 9348. Let v(z) = z**3 + 6*z**2 - z + 6. Let r be v(-6). What is the highest common factor of r and d?
12
Let p(a) = 2*a**3 - a**2 + 4*a + 1. Let l be p(3). Let x be (-2)/9 + (-272)/(-9). Let v = l - x. Calculate the greatest common divisor of v and 4.
4
Suppose -4*n = 4*n - 3264. Calculate the greatest common factor of n and 72.
24
Suppose -60 = 4*k - 24*k. Let z(s) = -8*s - 15. Suppose -5*x + 45 = -5*i, -i + 3*x + 3 = -3*i. Let v be z(i). What is the highest common divisor of v and k?
3
Suppose -10*f + 216 = 14*f. Suppose -f*l + 13*l - 130 = 5*k, 3*k = 2*l - 66. Calculate the greatest common factor of l and 240.
30
Let x be 4/28 + 40/14. Suppose -2*u + g + 52 = -5, -x*u - 5*g + 105 = 0. Let a be (-2 - -5)/3 - (-616)/14. What is the highest common factor of a and u?
15
Suppose 388*v + 1423136 = 414*v. Calculate the highest common factor of 88 and v.
88
Suppose -4*i + 28*f = 29*f - 23, 4*i - 3 = -5*f. Suppose -w = -5*g - 0*g + 593, -g + 123 = 2*w. Calculate the highest common factor of i and g.
7
Let o(f) = -167 + 84 + 81 + f**2 - f. Let k(b) = b**2 - 8*b + 6. Let z be k(8). Let t be o(z). Calculate the highest common divisor of t and 4.
4
Suppose 551 = 3*v - 541. Let g be 3 + (7/(-49) - 1376/(-28)). Calculate the greatest common divisor of g and v.
52
Let h(a) = -3*a**2 - 174*a + 606. Let d be h(-44). Calculate the highest common divisor of 6 and d.
6
Let q = -45 + 47. Let y be q/((-2)/3)*-1. Suppose -s = -18 + y. What is the highest common divisor of 135 and s?
15
Let a(k) = -k**3 - k**2 + 28. Let j be a(0). Suppose -j*i = -32*i + 140. What is the greatest common divisor of 7 and i?
7
Suppose 26*d - 30779 = -29791. Calculate the highest common divisor of d and 7258.
38
Suppose -268*u + 68311 = -265*u + 2*h, 22733 = u - 4*h. Calculate the greatest common factor of u and 145.
145
Let c(y) = -5*y - 68. Let j be c(-26). Calculate the highest common divisor of j and 2.
2
Suppose 26*u + 172*u + 5723 = 43739. Calculate the greatest common factor of u and 36.
12
Let l be (-4 - (-2 - (-3)/(-3)))*-2. Let n be 1 + -1 + (l + 1 - 6). Let a be (-2 - n) + 3 + 1. Calculate the highest common divisor of a and 25.
5
Let w(b) = 206*b + 187. Let t be w(8). Calculate the highest common factor of 5 and t.
5
Let w be (-3)/((-9)/12)*(-797847)/(-92). What is the highest common factor of w and 186?
93
Let m be (-6144)/10*(-230)/(-276)*-12. What is the highest common factor of 288 and m?
96
Let u = 767 + -767. Suppose u = 21*j - 15*j - 252. Suppose 28 = 2*r - r. What is the greatest common divisor of j and r?
14
Suppose 384 = 19*a - 91. Suppose -1377 = -a*b + 198. Calculate the highest common factor of 9 and b.
9
Let m = 3634 - 2594. Calculate the greatest common factor of 160 and m.
80
Suppose -67 + 62 = -5*g. Let v be (-4*g)/(9/(-36)). Calculate the greatest common divisor of 304 and v.
16
Suppose 13*j + 3 - 42 = 0. Suppose -2*z = -j*h - 159 - 7, 3*h - 74 = -z. What is the highest common divisor of z and 40?
40
Suppose -32 = -23*v + 21*v. Let j be (-6)/(-21) - 76/(-28). Suppose j*i = i + 352. Calculate the greatest common divisor of v and i.
16
Let g = -232 - -241. Suppose g*l - 99 = 6*l. Let h be ((-3 - -4) + -2)*-11. Calculate the highest common factor of h and l.
11
Let q be (11 - (121/77 - -6))*(-2842)/(-4). What is the greatest common factor of 252 and q?
84
Let j = -540 - -293. Let b = j + 281. Let k be 170 + -2 + (2 - 0). Calculate the highest common factor of b and k.
34
Let l(n) = 72 - 30 + 31 - n. Let o be l(13). What is the greatest common factor of 75 and o?
15
Let h be 18/((-20)/230 - (-652)/6969). What is the greatest common divisor of 27 and h?
27
Suppose 2*u = 10*u + 1888. Let z = u + 238. What is the greatest common divisor of z and 64?
2
Let d(p) = 3*p**2 + p - 2. Let t be d(-3). Let k be 1297 + 6/(-10) + (-12)/5. Suppose k = 4*q + 502. Calculate the highest common divisor of t and q.
22
Let u = 1016 + -959. Let a = u - -3. Calculate the greatest common factor of 810 and a.
30
Suppose -14*o = o - 660. Let x(h) = 11*h**2 + 3*h + 6. Let i be x(-2). Calculate the highest common factor of i and o.
44
Suppose 0 = -l - 43 - 6. Let n = 43 + l. Let j be ((-2)/n)/(5/135). What is the greatest common divisor of j and 3?
3
Suppose 142 = 120*s - 99*s - 299. Let p be 2/6 - 17/(-3). What is the highest common factor of p and s?
3
Let f = -459 + 473. Let u be (f/4)/((33/474)/11). Calculate the highest common factor of 79 and u.
79
Suppose 5*y + 6 = -4. Let n = y - -7. Suppose 3*b - 4*b - 4 = 3*g, 2*g + 5*b + 33 = 0. What is the highest common divisor of g and n?
1
Let b = 4 + 5. Let t = 57 + -54. Suppose 3*s - 270 = -t*s. Calculate the greatest common divisor of b and s.
9
Let x(y) = 3*y - 23. Let q be x(9). Suppose -267 = -q*s + 5*l, l + 113 = -5*s + 425. Let b = 83 - s. What is the greatest common factor of b and 50?
10
Let o(k) = -20*k**2. Let w be o(1). Let l(g) = -g**2 - 21*g + 44. Let i be l(w). What is the greatest common divisor of 32 and i?
32
Let f(i) be the third derivative of i**6/120 - i**5/10 - 7*i**4/8 - 10*i**3/3 + i**2 + 1. Let s be f(9). What is the greatest common divisor of 374 and s?
34
Let m = 1707 - 1603. What is the greatest common divisor of m and 351?
13
Suppose 28*w - 630 - 1494 = -31*w. What is the highest common divisor of 4116 and w?
12
Suppose -35*b + 955 = 220. Let c(y) = -9*y + 36. Let n be c(-17). Calculate the highest common factor of n and b.
21
Let a = 108 - 98. Suppose -a*d = -1075 - 3105. What is the greatest common divisor of d and 38?
38
Suppose t - 3*d - 24 = 0, 2*t = 7*t + 2*d - 35. Calculate the highest common divisor of t and 384.
3
Let l(x) = 14*x + 519. Let k be l(-30). What is the highest common factor of 288 and k?
9
Let k be ((-19)/(-9))/(12/360)*3. Calculate the highest common factor of k and 4845.
95
Let l be 54/(-45) - (-4355)/25. Calculate the highest common divisor of l and 3.
1
Let z = 203 + -86. Let c be z/12 + 2/8*1. Calculate the greatest common divisor of c and 35.
5
Let z = 824 + -302. Let n = z + -508. Calculate the highest common divisor of n and 686.
14
Suppose -22*a - 13992 = -9*a - 66*a. Suppose 54 = 3*r - 18. What is the greatest common factor of a and r?
24
Suppose 6*p + 4*p + 150 = 0. Let k = p - -37. What is the highest common divisor of 33 and k?
11
Suppose -c + 5*c - 4*h - 600 = 0, 3*c = 2*h + 447. Let z be 3 - ((-1092)/c - 6/(-14)). Calculate the greatest common divisor of 135 and z.
5
Let a = 20805 + -19440. Calculate the highest common divisor of 595 and a.
35
Let b(a) = -a**2 + 52*a + 46. Let s be b(52). Calculate the greatest common divisor of 82 and s.
2
Suppose 15*g - 5*g = 145 + 395. What is the h